{"id":3358,"date":"2023-05-08T11:36:00","date_gmt":"2023-05-08T11:36:00","guid":{"rendered":"https:\/\/mkcsplit.hr\/impressum\/"},"modified":"2025-07-31T13:41:25","modified_gmt":"2025-07-31T13:41:25","slug":"impressum","status":"publish","type":"page","link":"https:\/\/mkcsplit.hr\/en\/impressum\/","title":{"rendered":"Impressum"},"content":{"rendered":"\t\t<div data-elementor-type=\"wp-page\" data-elementor-id=\"3358\" class=\"elementor elementor-3358 elementor-3337\" data-elementor-post-type=\"page\">\n\t\t\t\t\t\t<section class=\"elementor-section elementor-top-section elementor-element elementor-element-2ad4b4e elementor-section-boxed elementor-section-height-default elementor-section-height-default\" data-id=\"2ad4b4e\" data-element_type=\"section\" data-settings=\"{&quot;jet_parallax_layout_list&quot;:[]}\">\n\t\t\t\t\t\t<div class=\"elementor-container elementor-column-gap-default\">\n\t\t\t\t\t<div class=\"elementor-column elementor-col-100 elementor-top-column elementor-element elementor-element-dad39c5\" data-id=\"dad39c5\" data-element_type=\"column\">\n\t\t\t<div class=\"elementor-widget-wrap elementor-element-populated\">\n\t\t\t\t\t\t<div class=\"elementor-element elementor-element-acf37cb elementor-widget elementor-widget-heading\" data-id=\"acf37cb\" data-element_type=\"widget\" data-widget_type=\"heading.default\">\n\t\t\t\t<div class=\"elementor-widget-container\">\n\t\t\t\t\t<h2 class=\"elementor-heading-title elementor-size-default\">IMPRESSUM<\/h2>\t\t\t\t<\/div>\n\t\t\t\t<\/div>\n\t\t\t\t<div class=\"elementor-element elementor-element-281fb86 elementor-widget elementor-widget-heading\" data-id=\"281fb86\" data-element_type=\"widget\" data-widget_type=\"heading.default\">\n\t\t\t\t<div class=\"elementor-widget-container\">\n\t\t\t\t\t<h2 class=\"elementor-heading-title elementor-size-default\">Multimedijalni kulturni centar Split<\/h2>\t\t\t\t<\/div>\n\t\t\t\t<\/div>\n\t\t\t\t<div class=\"elementor-element elementor-element-c691c36 elementor-widget elementor-widget-text-editor\" data-id=\"c691c36\" data-element_type=\"widget\" data-widget_type=\"text-editor.default\">\n\t\t\t\t<div class=\"elementor-widget-container\">\n\t\t\t\t\t\t\t\t\t<p>Ulica slobode 28,<br \/>21000 Split, Croatia<br \/><strong>OIB:<\/strong> 24112092036<br \/><strong>MB:<\/strong> 01365576<br \/><strong>Director:<\/strong> Stefana Do\u0161en<\/p>\t\t\t\t\t\t\t\t<\/div>\n\t\t\t\t<\/div>\n\t\t\t\t<div class=\"elementor-element elementor-element-59602c3 elementor-widget elementor-widget-heading\" data-id=\"59602c3\" data-element_type=\"widget\" data-widget_type=\"heading.default\">\n\t\t\t\t<div class=\"elementor-widget-container\">\n\t\t\t\t\t<h2 class=\"elementor-heading-title elementor-size-default\">Contact<\/h2>\t\t\t\t<\/div>\n\t\t\t\t<\/div>\n\t\t\t\t<div class=\"elementor-element elementor-element-2ac9be9 elementor-widget elementor-widget-text-editor\" data-id=\"2ac9be9\" data-element_type=\"widget\" data-widget_type=\"text-editor.default\">\n\t\t\t\t<div class=\"elementor-widget-container\">\n\t\t\t\t\t\t\t\t\t<p>+385 21 537 471<br \/>+385 21 537 449<br \/>mkcsplit@mkcsplit.hr<\/p><p><strong>IT support:<\/strong> Vatroslav Divi\u0107<br \/><strong>Design:<\/strong> Rafaela Dra\u017ei\u0107<\/p>\t\t\t\t\t\t\t\t<\/div>\n\t\t\t\t<\/div>\n\t\t\t\t\t<\/div>\n\t\t<\/div>\n\t\t\t\t\t<\/div>\n\t\t<\/section>\n\t\t\t\t<\/div>\n\t\t","protected":false},"excerpt":{"rendered":"<p>IMPRESSUM Multimedijalni kulturni centar Split Ulica slobode 28,21000 Split, CroatiaOIB: 24112092036MB: 01365576Director: Stefana Do\u0161en Contact +385 21 537 471+385 21 537 449mkcsplit@mkcsplit.hr IT support: Vatroslav Divi\u0107Design: Rafaela Dra\u017ei\u0107<\/p>\n","protected":false},"author":1,"featured_media":0,"parent":0,"menu_order":0,"comment_status":"closed","ping_status":"closed","template":"","meta":{"footnotes":""},"class_list":["post-3358","page","type-page","status-publish","hentry"],"yoast_head":"<!-- This site is optimized with the Yoast SEO plugin v26.0 - https:\/\/yoast.com\/wordpress\/plugins\/seo\/ -->\n<title>Impressum - MKC<\/title>\n<meta name=\"robots\" content=\"index, follow, max-snippet:-1, max-image-preview:large, max-video-preview:-1\" \/>\n<link rel=\"canonical\" href=\"https:\/\/mkcsplit.hr\/impressum\/\" \/>\n<meta property=\"og:locale\" content=\"en_US\" \/>\n<meta property=\"og:type\" content=\"article\" \/>\n<meta property=\"og:title\" content=\"Impressum - MKC\" \/>\n<meta property=\"og:description\" content=\"IMPRESSUM Multimedijalni kulturni centar Split Ulica slobode 28,21000 Split, CroatiaOIB: 24112092036MB: 01365576Director: Stefana Do\u0161en Contact +385 21 537 471+385 21 537 449mkcsplit@mkcsplit.hr IT support: Vatroslav Divi\u0107Design: Rafaela Dra\u017ei\u0107\" \/>\n<meta property=\"og:url\" content=\"https:\/\/mkcsplit.hr\/impressum\/\" \/>\n<meta property=\"og:site_name\" content=\"MKC\" \/>\n<meta property=\"article:publisher\" content=\"https:\/\/www.facebook.com\/MKCSplit\/\" \/>\n<meta property=\"article:modified_time\" content=\"2025-07-31T13:41:25+00:00\" \/>\n<meta name=\"twitter:card\" content=\"summary_large_image\" \/>\n<meta name=\"twitter:label1\" content=\"Est. reading time\" \/>\n\t<meta name=\"twitter:data1\" content=\"1 minute\" \/>\n<script type=\"application\/ld+json\" class=\"yoast-schema-graph\">{\"@context\":\"https:\/\/schema.org\",\"@graph\":[{\"@type\":\"WebPage\",\"@id\":\"https:\/\/mkcsplit.hr\/impressum\/\",\"url\":\"https:\/\/mkcsplit.hr\/impressum\/\",\"name\":\"Impressum - MKC\",\"isPartOf\":{\"@id\":\"https:\/\/mkcsplit.hr\/#website\"},\"datePublished\":\"2023-05-08T11:36:00+00:00\",\"dateModified\":\"2025-07-31T13:41:25+00:00\",\"breadcrumb\":{\"@id\":\"https:\/\/mkcsplit.hr\/impressum\/#breadcrumb\"},\"inLanguage\":\"en-US\",\"potentialAction\":[{\"@type\":\"ReadAction\",\"target\":[\"https:\/\/mkcsplit.hr\/impressum\/\"]}]},{\"@type\":\"BreadcrumbList\",\"@id\":\"https:\/\/mkcsplit.hr\/impressum\/#breadcrumb\",\"itemListElement\":[{\"@type\":\"ListItem\",\"position\":1,\"name\":\"Home\",\"item\":\"https:\/\/mkcsplit.hr\/en\/\"},{\"@type\":\"ListItem\",\"position\":2,\"name\":\"Impressum\"}]},{\"@type\":\"WebSite\",\"@id\":\"https:\/\/mkcsplit.hr\/#website\",\"url\":\"https:\/\/mkcsplit.hr\/\",\"name\":\"MKC\",\"description\":\"Multimedijalni kulturni centar\",\"potentialAction\":[{\"@type\":\"SearchAction\",\"target\":{\"@type\":\"EntryPoint\",\"urlTemplate\":\"https:\/\/mkcsplit.hr\/?s={search_term_string}\"},\"query-input\":{\"@type\":\"PropertyValueSpecification\",\"valueRequired\":true,\"valueName\":\"search_term_string\"}}],\"inLanguage\":\"en-US\"}]}<\/script>\n<!-- \/ Yoast SEO plugin. -->","yoast_head_json":{"title":"Impressum - MKC","robots":{"index":"index","follow":"follow","max-snippet":"max-snippet:-1","max-image-preview":"max-image-preview:large","max-video-preview":"max-video-preview:-1"},"canonical":"https:\/\/mkcsplit.hr\/impressum\/","og_locale":"en_US","og_type":"article","og_title":"Impressum - MKC","og_description":"IMPRESSUM Multimedijalni kulturni centar Split Ulica slobode 28,21000 Split, CroatiaOIB: 24112092036MB: 01365576Director: Stefana Do\u0161en Contact +385 21 537 471+385 21 537 449mkcsplit@mkcsplit.hr IT support: Vatroslav Divi\u0107Design: Rafaela Dra\u017ei\u0107","og_url":"https:\/\/mkcsplit.hr\/impressum\/","og_site_name":"MKC","article_publisher":"https:\/\/www.facebook.com\/MKCSplit\/","article_modified_time":"2025-07-31T13:41:25+00:00","twitter_card":"summary_large_image","twitter_misc":{"Est. reading time":"1 minute"},"schema":{"@context":"https:\/\/schema.org","@graph":[{"@type":"WebPage","@id":"https:\/\/mkcsplit.hr\/impressum\/","url":"https:\/\/mkcsplit.hr\/impressum\/","name":"Impressum - MKC","isPartOf":{"@id":"https:\/\/mkcsplit.hr\/#website"},"datePublished":"2023-05-08T11:36:00+00:00","dateModified":"2025-07-31T13:41:25+00:00","breadcrumb":{"@id":"https:\/\/mkcsplit.hr\/impressum\/#breadcrumb"},"inLanguage":"en-US","potentialAction":[{"@type":"ReadAction","target":["https:\/\/mkcsplit.hr\/impressum\/"]}]},{"@type":"BreadcrumbList","@id":"https:\/\/mkcsplit.hr\/impressum\/#breadcrumb","itemListElement":[{"@type":"ListItem","position":1,"name":"Home","item":"https:\/\/mkcsplit.hr\/en\/"},{"@type":"ListItem","position":2,"name":"Impressum"}]},{"@type":"WebSite","@id":"https:\/\/mkcsplit.hr\/#website","url":"https:\/\/mkcsplit.hr\/","name":"MKC","description":"Multimedijalni kulturni centar","potentialAction":[{"@type":"SearchAction","target":{"@type":"EntryPoint","urlTemplate":"https:\/\/mkcsplit.hr\/?s={search_term_string}"},"query-input":{"@type":"PropertyValueSpecification","valueRequired":true,"valueName":"search_term_string"}}],"inLanguage":"en-US"}]}},"_links":{"self":[{"href":"https:\/\/mkcsplit.hr\/en\/wp-json\/wp\/v2\/pages\/3358","targetHints":{"allow":["GET"]}}],"collection":[{"href":"https:\/\/mkcsplit.hr\/en\/wp-json\/wp\/v2\/pages"}],"about":[{"href":"https:\/\/mkcsplit.hr\/en\/wp-json\/wp\/v2\/types\/page"}],"author":[{"embeddable":true,"href":"https:\/\/mkcsplit.hr\/en\/wp-json\/wp\/v2\/users\/1"}],"replies":[{"embeddable":true,"href":"https:\/\/mkcsplit.hr\/en\/wp-json\/wp\/v2\/comments?post=3358"}],"version-history":[{"count":18,"href":"https:\/\/mkcsplit.hr\/en\/wp-json\/wp\/v2\/pages\/3358\/revisions"}],"predecessor-version":[{"id":6434,"href":"https:\/\/mkcsplit.hr\/en\/wp-json\/wp\/v2\/pages\/3358\/revisions\/6434"}],"wp:attachment":[{"href":"https:\/\/mkcsplit.hr\/en\/wp-json\/wp\/v2\/media?parent=3358"}],"curies":[{"name":"wp","href":"https:\/\/api.w.org\/{rel}","templated":true}]}}

<div data-elementor-type="wp-page" data-elementor-id="3358" class="elementor elementor-3358 elementor-3337" data-elementor-post-type="page">
						<section class="elementor-section elementor-top-section elementor-element elementor-element-2ad4b4e elementor-section-boxed elementor-section-height-default elementor-section-height-default" data-id="2ad4b4e" data-element_type="section" data-settings="{&quot;jet_parallax_layout_list&quot;:[]}">
						<div class="elementor-container elementor-column-gap-default">
					<div class="elementor-column elementor-col-100 elementor-top-column elementor-element elementor-element-dad39c5" data-id="dad39c5" data-element_type="column">
			<div class="elementor-widget-wrap elementor-element-populated">
						<div class="elementor-element elementor-element-acf37cb elementor-widget elementor-widget-heading" data-id="acf37cb" data-element_type="widget" data-widget_type="heading.default">
				<div class="elementor-widget-container">
					<h2 class="elementor-heading-title elementor-size-default">IMPRESSUM</h2>				</div>
				</div>
				<div class="elementor-element elementor-element-281fb86 elementor-widget elementor-widget-heading" data-id="281fb86" data-element_type="widget" data-widget_type="heading.default">
				<div class="elementor-widget-container">
					<h2 class="elementor-heading-title elementor-size-default">Multimedijalni kulturni centar Split</h2>				</div>
				</div>
				<div class="elementor-element elementor-element-c691c36 elementor-widget elementor-widget-text-editor" data-id="c691c36" data-element_type="widget" data-widget_type="text-editor.default">
				<div class="elementor-widget-container">
									<p>Ulica slobode 28,<br />21000 Split, Croatia<br /><strong>OIB:</strong> 24112092036<br /><strong>MB:</strong> 01365576<br /><strong>Director:</strong> Stefana Došen</p>								</div>
				</div>
				<div class="elementor-element elementor-element-59602c3 elementor-widget elementor-widget-heading" data-id="59602c3" data-element_type="widget" data-widget_type="heading.default">
				<div class="elementor-widget-container">
					<h2 class="elementor-heading-title elementor-size-default">Contact</h2>				</div>
				</div>
				<div class="elementor-element elementor-element-2ac9be9 elementor-widget elementor-widget-text-editor" data-id="2ac9be9" data-element_type="widget" data-widget_type="text-editor.default">
				<div class="elementor-widget-container">
									<p>+385 21 537 471<br />+385 21 537 449<br />mkcsplit@mkcsplit.hr</p><p><strong>IT support:</strong> Vatroslav Divić<br /><strong>Design:</strong> Rafaela Dražić</p>								</div>
				</div>
					</div>
		</div>
					</div>
		</section>
				</div>

<p>IMPRESSUM Multimedijalni kulturni centar Split Ulica slobode 28,21000 Split, CroatiaOIB: 24112092036MB: 01365576Director: Stefana Došen Contact +385 21 537 471+385 21 537 449mkcsplit@mkcsplit.hr IT support: Vatroslav DivićDesign: Rafaela Dražić</p>

<!-- This site is optimized with the Yoast SEO plugin v26.0 - https://yoast.com/wordpress/plugins/seo/ -->
<title>Impressum - MKC</title>
<meta name="robots" content="index, follow, max-snippet:-1, max-image-preview:large, max-video-preview:-1" />
<link rel="canonical" href="https://mkcsplit.hr/impressum/" />
<meta property="og:locale" content="en_US" />
<meta property="og:type" content="article" />
<meta property="og:title" content="Impressum - MKC" />
<meta property="og:description" content="IMPRESSUM Multimedijalni kulturni centar Split Ulica slobode 28,21000 Split, CroatiaOIB: 24112092036MB: 01365576Director: Stefana Došen Contact +385 21 537 471+385 21 537 449mkcsplit@mkcsplit.hr IT support: Vatroslav DivićDesign: Rafaela Dražić" />
<meta property="og:url" content="https://mkcsplit.hr/impressum/" />
<meta property="og:site_name" content="MKC" />
<meta property="article:publisher" content="https://www.facebook.com/MKCSplit/" />
<meta property="article:modified_time" content="2025-07-31T13:41:25+00:00" />
<meta name="twitter:card" content="summary_large_image" />
<meta name="twitter:label1" content="Est. reading time" />
	<meta name="twitter:data1" content="1 minute" />
<script type="application/ld+json" class="yoast-schema-graph">{"@context":"https://schema.org","@graph":[{"@type":"WebPage","@id":"https://mkcsplit.hr/impressum/","url":"https://mkcsplit.hr/impressum/","name":"Impressum - MKC","isPartOf":{"@id":"https://mkcsplit.hr/#website"},"datePublished":"2023-05-08T11:36:00+00:00","dateModified":"2025-07-31T13:41:25+00:00","breadcrumb":{"@id":"https://mkcsplit.hr/impressum/#breadcrumb"},"inLanguage":"en-US","potentialAction":[{"@type":"ReadAction","target":["https://mkcsplit.hr/impressum/"]}]},{"@type":"BreadcrumbList","@id":"https://mkcsplit.hr/impressum/#breadcrumb","itemListElement":[{"@type":"ListItem","position":1,"name":"Home","item":"https://mkcsplit.hr/en/"},{"@type":"ListItem","position":2,"name":"Impressum"}]},{"@type":"WebSite","@id":"https://mkcsplit.hr/#website","url":"https://mkcsplit.hr/","name":"MKC","description":"Multimedijalni kulturni centar","potentialAction":[{"@type":"SearchAction","target":{"@type":"EntryPoint","urlTemplate":"https://mkcsplit.hr/?s={search_term_string}"},"query-input":{"@type":"PropertyValueSpecification","valueRequired":true,"valueName":"search_term_string"}}],"inLanguage":"en-US"}]}</script>
<!-- / Yoast SEO plugin. -->

IMPRESSUM Multimedijalni kulturni centar Split Ulica slobode 28,21000 Split, CroatiaOIB: 24112092036MB: 01365576Director: Stefana Došen Contact +385 21 537 471+385 21 537 449mkcsplit@mkcsplit.hr IT support: Vatroslav DivićDesign: Rafaela Dražić
